ue
Is 8759389 a prime number?
False
Is 12445273 a composite number?
True
Is 261293659 composite?
True
Is 92657743 prime?
True
Is 211237141 a prime number?
False
Is 3597283 a composite number?
True
Is 221520989 composite?
False
Is 281509 prime?
True
Is 5048557 prime?
True
Is 40763369 a prime number?
True
Is 466201 composite?
False
Is 157736707 a composite number?
True
Is 28641649 a prime number?
True
Is 3674761 a composite number?
False
Is 57278017 a prime number?
False
Is 24149887 prime?
False
Is 50828719 composite?
False
Is 784527 prime?
False
Is 35309633 a composite number?
True
Is 149498387 a prime number?
True
Is 944773 composite?
False
Is 124435301 a composite number?
False
Is 18216581 prime?
True
Is 969263 a prime number?
False
Is 71917 a composite number?
False
Is 238890283 a composite number?
True
Is 20645263 a prime number?
False
Is 77797217 prime?
False
Is 1089853 a composite number?
True
Is 2816951 a prime number?
False
Is 1685581 a prime number?
True
Is 158477 prime?
False
Is 321183797 a prime number?
False
Is 55418147 prime?
False
Is 10324739 a prime number?
False
Is 7657841 a composite number?
False
Is 4435817 a prime number?
True
Is 96846887 composite?
False
Is 91021087 a prime number?
False
Is 20135011 a composite number?
True
Is 12953869 prime?
True
Is 19546993 a composite number?
False
Is 16777673 a composite number?
True
Is 13389437 a composite number?
False
Is 6130867 prime?
False
Is 2148599 a prime number?
True
Is 25746059 a composite number?
False
Is 11689963 composite?
True
Is 838389581 a composite number?
False
Is 166425641 prime?
True
Is 36983774 prime?
False
Is 149627651 prime?
True
Is 2159173 prime?
False
Is 869881 prime?
False
Is 24419747 a composite number?
True
Is 1341947 a composite number?
False
Is 2167873 prime?
True
Is 921577 a prime number?
False
Is 1200341 a prime number?
True
Is 6780551 composite?
False
Is 452756063 a prime number?
True
Is 49973647 prime?
False
Is 2355455 composite?
True
Is 1960573 prime?
True
Is 41342033 prime?
True
Is 3999439 composite?
False
Is 23166559 a composite number?
True
Is 259265777 prime?
False
Is 21323591 prime?
True
Is 1544299 a composite number?
True
Is 1962683 composite?
True
Is 8953289 composite?
False
Is 909419 composite?
True
Is 182200217 prime?
True
Is 446 composite?
True
Is 1806087 prime?
False
Is 584618 prime?
False
Is 13672549 a composite number?
True
Is 3269101 a prime number?
False
Is 161081 prime?
False
Is 38537621 a composite number?
False
Is 49805033 a composite number?
False
Is 647116771 a composite number?
True
Is 67961729 a composite number?
True
Is 11107121 a prime number?
False
Is 259844881 prime?
False
Is 4166809 a composite number?
False
Is 6816011 composite?
False
Is 11518547 prime?
True
Is 1439885 composite?
True
Is 1143881 a composite number?
True
Is 138143771 prime?
True
Is 145733947 composite?
True
Is 700836481 prime?
False
Is 3524637 a prime number?
False
Is 55369409 composite?
False
Is 921020429 prime?
False
Is 125696467 a composite number?
True
Is 182088091 a prime number?
False
Is 17692967 composite?
False
Is 2014997 a composite number?
False
Is 115193531 a prime number?
False
Is 81358397 composite?
False
Is 80263 a prime number?
True
Is 169464233 a composite number?
False
Is 12511433 a composite number?
True
Is 335207 prime?
True
Is 19087331 a composite number?
False
Is 814193 composite?
False
Is 406338321 a composite number?
True
Is 66046583 a composite number?
True
Is 21608749 composite?
False
Is 23937169 prime?
False
Is 133713121 a prime number?
True
Is 126560839 a prime number?
True
Is 8348189 a prime number?
False
Is 7125263 a composite number?
False
Is 135916783 a composite number?
False
Is 293641753 prime?
False
Is 72944077 composite?
True
Is 782543423 a prime number?
True
Is 4456981 a prime number?
False
Is 14368969 a prime number?
True
Is 63353909 prime?
True
Is 1795535237 a prime number?
True
Is 2492161 a prime number?
False
Is 416993021 prime?
True
Is 1363588791 a composite number?
True
Is 13631159 prime?
True
Is 54681217 composite?
False
Is 462661527 prime?
False
Is 56253677 composite?
False
Is 29122151 a prime number?
True
Is 558550519 prime?
True
Is 213705241 a composite number?
False
Is 14269807 composite?
True
Is 2154247 composite?
True
Is 24147231 a composite number?
True
Is 609605 prime?
False
Is 195626819 a prime number?
False
Is 4227303 prime?
False
Is 10487626 composite?
True
Is 728872107 composite?
True
Is 26271967 composite?
False
Is 805481 a composite number?
True
Is 3475141 composite?
False
Is 46693523 prime?
True
Is 12555259 composite?
True
Is 40512895 composite?
True
Is 1435807 composite?
True
Is 139009747 composite?
True
Is 8851547 a composite number?
True
Is 3683021 composite?
False
Is 5894533 a composite number?
False
Is 66799123 composite?
False
Is 1629541 a prime number?
True
Is 2573339 composite?
False
Is 18986707 composite?
True
Is 5479351 composite?
True
Is 83661827 a composite number?
False
Is 2195801 prime?
True
Is 8476453 prime?
False
Is 953101 composite?
True
Is 7838999 prime?
False
Is 3107701 prime?
True
Is 16000363 a composite number?
True
Is 535028727 a composite number?
True
Is 64786877 prime?
False
Is 7536533 composite?
True
Is 1470121 composite?
True
Is 2256811 a prime number?
True
Is 69243139 composite?
True
Is 90726461 a composite number?
True
Is 68560141 prime?
False
Is 1246834 a composite number?
True
Is 25980055 composite?
True
Is 813028309 prime?
False
Is 3518923 composite?
False
Is 3941687 a composite number?
False
Is 286137167 a composite number?
False
Is 2783647 a composite number?
False
Is 38938013 a composite number?
False
Is 216816991 a composite number?
False
Is 1000167217 a composite number?
True
Is 847367 prime?
True
Is 472793 composite?
False
Is 650791 prime?
False
Is 4151801 a composite number?
False
Is 187522073 composite?
False
Is 84920611 a prime number?
False
Is 9964729 a composite number?
True
Is 580943 a composite number?
True
Is 267982987 prime?
True
Is 312918637 a composite number?
True
Is 13165903 a composite number?
True
Is 118788577 prime?
True
Is 5247329 prime?
False
Is 580259 a composite number?
False
Is 62913977 a prime number?
False
Is 348375557 composite?
True
Is 146016359 prime?
False
Is 119534399 prime?
True
Is 48293891 a prime number?
False
Is 262823159 prime?
False
Is 79330969 composite?
False
Is 588899 prime?
False
Is 205824767 a prime number?
True
Is 48613297 a prime number?
True
Is 154124263 a prime number?
False
Is 168775309 composite?
True
Is 797538037 a prime number?
True
Is 836321 prime?
False
Is 36325253 prime?
False
Is 21219703 a prime number?
True
Is 2863361 a prime number?
False
Is 425472433 a prime number?
False
Is 59416678 a composite number?
True
Is 35651911 a composite number?
False
Is 504493 prime?
False
Is 1670057 composite?
False
Is 3332807 composite?
False
Is 15021911 a prime number?
False
Is 1057127 composite?
True
Is 17377469 a composite number?
False
Is 65223491 composite?
True
Is 4316153 composite?
False
Is 58704983 a prime number?
True
Is 891971 composite?
True
Is 20126923 a prime number?
True
Is 133851 composite?
True
Is 2081969 prime?
True
Is 244053757 a prime number?
True
Is 1413199 composite?
True
Is 12207995 prime?
False
Is 2168147 a prime number?
False
Is 834299 composite?
False
Is 2407211 a composite number?
False
Is 126557383 a prime number?
True
Is 131787569 a prime number?
True
Is 11902981 composite?
True
Is 34145389 a composite number?
False
Is 16232911 a prime number?
True
Is 67556237 a prime number?
False
Is 387293185 a composite number?
True
Is 3040217 prime?
True
Is 2119709455 a composite number?
True
Is 5759419 a prime number?
False
Is 322864979 a prime number?
False
Is 8561569 a composite number?
False
Is 1324667 composite?
False
Is 10480639 a prime number?
False
Is 243655 a prime number?
False
Is 606220007 prime?
True
Is 1199021 a prime number?
False
Is 96469 a prime number?
True
Is 67213769 composite?
True
Is 120949 a composite number?
True
Is 43661 a composite number?
False
Is 32331437 a composite number?
False
Is 90153071 a composite number?
False
Is 13713629 prime?
True
Is 57470191 prime?
True
Is 1398401 a prime number?
True
Is 2864963 prime?
True
Is 1010251 a prime number?
False
Is 1818419 a composite number?
False